{"id":416,"date":"2023-09-20T11:00:37","date_gmt":"2023-09-20T11:00:37","guid":{"rendered":"https:\/\/sitetemp.inforabreu.pt\/aefp\/?page_id=416"},"modified":"2025-11-15T12:12:10","modified_gmt":"2025-11-15T12:12:10","slug":"escola-eb1-ji-infante-dao-henrique","status":"publish","type":"page","link":"https:\/\/aefernandopessoa.edu.pt\/index.php\/escola-eb1-ji-infante-dao-henrique\/","title":{"rendered":"Escola EB1 c\/ JI Infante D. Henrique"},"content":{"rendered":"\t\t<div data-elementor-type=\"wp-page\" data-elementor-id=\"416\" class=\"elementor elementor-416\">\n\t\t\t\t\t\t<section class=\"elementor-section elementor-top-section elementor-element elementor-element-6c814056 elementor-section-boxed elementor-section-height-default elementor-section-height-default\" data-id=\"6c814056\" data-element_type=\"section\" data-settings=\"{&quot;background_background&quot;:&quot;classic&quot;}\">\n\t\t\t\t\t\t\t<div class=\"elementor-background-overlay\"><\/div>\n\t\t\t\t\t\t\t<div class=\"elementor-container elementor-column-gap-default\">\n\t\t\t\t\t<div class=\"elementor-column elementor-col-100 elementor-top-column elementor-element elementor-element-7ff27ec9\" data-id=\"7ff27ec9\" data-element_type=\"column\">\n\t\t\t<div class=\"elementor-widget-wrap elementor-element-populated\">\n\t\t\t\t\t\t<div class=\"elementor-element elementor-element-68b4929 elementor-widget elementor-widget-heading\" data-id=\"68b4929\" data-element_type=\"widget\" data-widget_type=\"heading.default\">\n\t\t\t\t<div class=\"elementor-widget-container\">\n\t\t\t\t\t<h2 class=\"elementor-heading-title elementor-size-default\">Escola EB1 c\/ JI Infante D. Henrique<\/h2>\t\t\t\t<\/div>\n\t\t\t\t<\/div>\n\t\t\t\t\t<\/div>\n\t\t<\/div>\n\t\t\t\t\t<\/div>\n\t\t<\/section>\n\t\t\t\t<section class=\"elementor-section elementor-top-section elementor-element elementor-element-e75eb52 elementor-section-boxed elementor-section-height-default elementor-section-height-default\" data-id=\"e75eb52\" data-element_type=\"section\">\n\t\t\t\t\t\t<div class=\"elementor-container elementor-column-gap-default\">\n\t\t\t\t\t<div class=\"elementor-column elementor-col-100 elementor-top-column elementor-element elementor-element-9977a5a\" data-id=\"9977a5a\" data-element_type=\"column\">\n\t\t\t<div class=\"elementor-widget-wrap elementor-element-populated\">\n\t\t\t\t\t\t<div class=\"elementor-element elementor-element-19ff42c elementor-widget elementor-widget-text-editor\" data-id=\"19ff42c\" data-element_type=\"widget\" data-widget_type=\"text-editor.default\">\n\t\t\t\t<div class=\"elementor-widget-container\">\n\t\t\t\t\t\t\t\t\t<p class=\"p1\"><span style=\"color: #000000;\">Sendo a escola mais antiga dos Olivais (1895), a Infante D. Henrique pertence \u00e0 Junta de Freguesia do Parque das Na\u00e7\u00f5es e foi integrada no AE de Fernando Pessoa no ano letivo de 2003\/2004.<\/span><\/p><p class=\"p1\"><span style=\"color: #000000;\">No dia 13 de setembro de 2024, a escola foi inaugurada pelo Presidente da C\u00e2mara de Lisboa, Eng.\u00ba Carlos Moedas, ap\u00f3s ter beneficiado da requalifica\u00e7\u00e3o total dos seus espa\u00e7os. Atualmente, a escola tem 4 salas de pr\u00e9-escolar com 3 em funcionamento e 9 do 1.\u00ba ciclo, das quais apenas 6 est\u00e3o em funcionamento. Tamb\u00e9m possui uma val\u00eancia de apoio especializado com uma sala com capacidade para seis crian\u00e7as (2024\/25).<\/span><\/p>\t\t\t\t\t\t\t\t<\/div>\n\t\t\t\t<\/div>\n\t\t\t\t\t<\/div>\n\t\t<\/div>\n\t\t\t\t\t<\/div>\n\t\t<\/section>\n\t\t\t\t<section class=\"elementor-section elementor-top-section elementor-element elementor-element-0f932a0 elementor-section-boxed elementor-section-height-default elementor-section-height-default\" data-id=\"0f932a0\" data-element_type=\"section\">\n\t\t\t\t\t\t<div class=\"elementor-container elementor-column-gap-default\">\n\t\t\t\t\t<div class=\"elementor-column elementor-col-100 elementor-top-column elementor-element elementor-element-a4d69c9\" data-id=\"a4d69c9\" data-element_type=\"column\">\n\t\t\t<div class=\"elementor-widget-wrap elementor-element-populated\">\n\t\t\t\t\t\t<div class=\"elementor-element elementor-element-e1ecde1 elementor-align-center elementor-widget elementor-widget-button\" data-id=\"e1ecde1\" data-element_type=\"widget\" data-widget_type=\"button.default\">\n\t\t\t\t<div class=\"elementor-widget-container\">\n\t\t\t\t\t\t\t\t\t<div class=\"elementor-button-wrapper\">\n\t\t\t\t\t<a class=\"elementor-button elementor-button-link elementor-size-lg\" href=\"#\">\n\t\t\t\t\t\t<span class=\"elementor-button-content-wrapper\">\n\t\t\t\t\t\t<span class=\"elementor-button-icon\">\n\t\t\t\t<i aria-hidden=\"true\" class=\"far fa-star\"><\/i>\t\t\t<\/span>\n\t\t\t\t\t\t\t\t\t<span class=\"elementor-button-text\">ATIVIDADES<\/span>\n\t\t\t\t\t<\/span>\n\t\t\t\t\t<\/a>\n\t\t\t\t<\/div>\n\t\t\t\t\t\t\t\t<\/div>\n\t\t\t\t<\/div>\n\t\t\t\t\t<\/div>\n\t\t<\/div>\n\t\t\t\t\t<\/div>\n\t\t<\/section>\n\t\t\t\t<section class=\"elementor-section elementor-top-section elementor-element elementor-element-85d42b4 elementor-section-boxed elementor-section-height-default elementor-section-height-default\" data-id=\"85d42b4\" data-element_type=\"section\">\n\t\t\t\t\t\t<div class=\"elementor-container elementor-column-gap-default\">\n\t\t\t\t\t<div class=\"elementor-column elementor-col-100 elementor-top-column elementor-element elementor-element-424a95a\" data-id=\"424a95a\" data-element_type=\"column\">\n\t\t\t<div class=\"elementor-widget-wrap elementor-element-populated\">\n\t\t\t\t\t\t<div class=\"elementor-element elementor-element-d7b0e7b elementor-widget elementor-widget-image-carousel\" data-id=\"d7b0e7b\" data-element_type=\"widget\" data-settings=\"{&quot;navigation&quot;:&quot;none&quot;,&quot;autoplay&quot;:&quot;yes&quot;,&quot;pause_on_hover&quot;:&quot;yes&quot;,&quot;pause_on_interaction&quot;:&quot;yes&quot;,&quot;autoplay_speed&quot;:5000,&quot;infinite&quot;:&quot;yes&quot;,&quot;speed&quot;:500}\" data-widget_type=\"image-carousel.default\">\n\t\t\t\t<div class=\"elementor-widget-container\">\n\t\t\t\t\t\t\t<div class=\"elementor-image-carousel-wrapper swiper\" role=\"region\" aria-roledescription=\"carousel\" aria-label=\"Image Carousel\" dir=\"ltr\">\n\t\t\t<div class=\"elementor-image-carousel swiper-wrapper swiper-image-stretch\" aria-live=\"off\">\n\t\t\t\t\t\t\t\t<div class=\"swiper-slide\" role=\"group\" aria-roledescription=\"slide\" aria-label=\"1 of 5\"><figure class=\"swiper-slide-inner\"><img decoding=\"async\" class=\"swiper-slide-image\" src=\"https:\/\/aefernandopessoa.edu.pt\/wp-content\/uploads\/2025\/11\/WhatsApp-Image-202555-10-06-at-12.00.18-150x150.jpeg\" alt=\"WhatsApp Image 202555-10-06 at 12.00.18\" \/><\/figure><\/div><div class=\"swiper-slide\" role=\"group\" aria-roledescription=\"slide\" aria-label=\"2 of 5\"><figure class=\"swiper-slide-inner\"><img decoding=\"async\" class=\"swiper-slide-image\" src=\"https:\/\/aefernandopessoa.edu.pt\/wp-content\/uploads\/2025\/11\/64e8c7df-8e63-404c-9908-69d129c5cd4a-150x150.jpg\" alt=\"64e8c7df-8e63-404c-9908-69d129c5cd4a\" \/><\/figure><\/div><div class=\"swiper-slide\" role=\"group\" aria-roledescription=\"slide\" aria-label=\"3 of 5\"><figure class=\"swiper-slide-inner\"><img decoding=\"async\" class=\"swiper-slide-image\" src=\"https:\/\/aefernandopessoa.edu.pt\/wp-content\/uploads\/2023\/10\/D.-Infante-Henrique-2-150x150.jpeg\" alt=\"D. Infante Henrique 2\" \/><\/figure><\/div><div class=\"swiper-slide\" role=\"group\" aria-roledescription=\"slide\" aria-label=\"4 of 5\"><figure class=\"swiper-slide-inner\"><img decoding=\"async\" class=\"swiper-slide-image\" src=\"https:\/\/aefernandopessoa.edu.pt\/wp-content\/uploads\/2023\/10\/D.-Infante-Henrique-6-150x150.jpeg\" alt=\"D. Infante Henrique 6\" \/><\/figure><\/div><div class=\"swiper-slide\" role=\"group\" aria-roledescription=\"slide\" aria-label=\"5 of 5\"><figure class=\"swiper-slide-inner\"><img decoding=\"async\" class=\"swiper-slide-image\" src=\"https:\/\/aefernandopessoa.edu.pt\/wp-content\/uploads\/2023\/10\/D.-Infante-Henrique-7-150x150.jpeg\" alt=\"D. Infante Henrique 7\" \/><\/figure><\/div>\t\t\t<\/div>\n\t\t\t\t\t\t\t\n\t\t\t\t\t\t\t\t\t<\/div>\n\t\t\t\t\t\t<\/div>\n\t\t\t\t<\/div>\n\t\t\t\t\t<\/div>\n\t\t<\/div>\n\t\t\t\t\t<\/div>\n\t\t<\/section>\n\t\t\t\t<section class=\"elementor-section elementor-top-section elementor-element elementor-element-0266cb8 elementor-section-boxed elementor-section-height-default elementor-section-height-default\" data-id=\"0266cb8\" data-element_type=\"section\">\n\t\t\t\t\t\t<div class=\"elementor-container elementor-column-gap-default\">\n\t\t\t\t\t<div class=\"elementor-column elementor-col-100 elementor-top-column elementor-element elementor-element-d080fc9\" data-id=\"d080fc9\" data-element_type=\"column\">\n\t\t\t<div class=\"elementor-widget-wrap elementor-element-populated\">\n\t\t\t\t\t\t<div class=\"elementor-element elementor-element-d806d7c premium-blog-align-left elementor-widget elementor-widget-premium-addon-blog\" data-id=\"d806d7c\" data-element_type=\"widget\" data-settings=\"{&quot;premium_blog_columns_number&quot;:&quot;100%&quot;,&quot;premium_blog_grid&quot;:&quot;yes&quot;,&quot;premium_blog_layout&quot;:&quot;even&quot;,&quot;premium_blog_columns_number_tablet&quot;:&quot;50%&quot;,&quot;premium_blog_columns_number_mobile&quot;:&quot;100%&quot;}\" data-widget_type=\"premium-addon-blog.default\">\n\t\t\t\t<div class=\"elementor-widget-container\">\n\t\t\t\t\t\r\n\t\t\t\t<div class=\"premium-blog-wrap  premium-blog-even\" data-page=\"416\">\r\n\t\t\t\t\t<div class=\"premium-blog-post-outer-container\" data-total=\"4\">\r\n\t\t\t<div class=\"premium-blog-post-container premium-blog-skin-classic\">\r\n\t\t\t\t\t\t\t\t\t\t\t\t<div class=\"premium-blog-content-wrapper empty-thumb\">\r\n\r\n\t\t\t\t\t<div class=\"premium-blog-inner-container\">\r\n\r\n\t\t\t\t\t\t\t\t\t\t\t\t\t\t<h2 class=\"premium-blog-entry-title\">\r\n\t\t\t<a href=\"https:\/\/aefernandopessoa.edu.pt\/index.php\/2026\/04\/24\/ensino-articulado-matriculas\/\" target=\"_blank\">\r\n\t\t\t\tEnsino Articulado &#8211; Matr\u00edculas\t\t\t<\/a>\r\n\t\t<\/h2>\r\n\t\t\t\t<div class=\"premium-blog-entry-meta\">\r\n\t\t\t\t\t\t\t<div class=\"premium-blog-post-author premium-blog-meta-data\">\r\n\t\t\t\t\t<i class=\"fa fa-user fa-fw\" aria-hidden=\"true\"><\/i>\r\n\t\t\t\t\t<a href=\"https:\/\/aefernandopessoa.edu.pt\/index.php\/author\/direcaoaefp\/\" title=\"Posts by Dire\u00e7\u00e3o AEFP\" rel=\"author\">Dire\u00e7\u00e3o AEFP<\/a>\t\t\t\t<\/div>\r\n\t\t\t\r\n\t\t\t\t\t\t\t<span class=\"premium-blog-meta-separator\">\u2022<\/span>\r\n\t\t\t\t<div class=\"premium-blog-post-time premium-blog-meta-data\">\r\n\t\t\t\t\t<i class=\"fa fa-calendar-alt\" aria-hidden=\"true\"><\/i>\r\n\t\t\t\t\t<span>April 24, 2026<\/span>\r\n\t\t\t\t<\/div>\r\n\t\t\t\r\n\t\t\t\t\t\t\t<span class=\"premium-blog-meta-separator\">\u2022<\/span>\r\n\t\t\t\t<div class=\"premium-blog-post-categories premium-blog-meta-data\">\r\n\t\t\t\t\t<i class=\"fa fa-align-left fa-fw\" aria-hidden=\"true\"><\/i>\r\n\t\t\t\t\t<a href=\"https:\/\/aefernandopessoa.edu.pt\/index.php\/category\/escolas\/eb-23-fernando-pessoa\/\" rel=\"category tag\">EB 23 Fernando Pessoa<\/a>, <a href=\"https:\/\/aefernandopessoa.edu.pt\/index.php\/category\/escolas\/eb1-ji-adriano-correia-de-oliveira\/\" rel=\"category tag\">EB1 c\/ JI Adriano Correia de Oliveira<\/a>, <a href=\"https:\/\/aefernandopessoa.edu.pt\/index.php\/category\/escolas\/eb1-ji-arco-iris\/\" rel=\"category tag\">EB1 c\/ JI Arco \u00cdris<\/a>, <a href=\"https:\/\/aefernandopessoa.edu.pt\/index.php\/category\/escolas\/eb1-c-ji-inf-d-henrique\/\" rel=\"category tag\">EB1 c\/ JI Inf.D.Henrique<\/a>, <a href=\"https:\/\/aefernandopessoa.edu.pt\/index.php\/category\/noticias\/\" rel=\"category tag\">Noticias<\/a>\t\t\t\t<\/div>\r\n\t\t\t\r\n\t\t\t\t\t\t\t<span class=\"premium-blog-meta-separator\">\u2022<\/span>\r\n\t\t\t\t<div class=\"premium-blog-post-comments premium-blog-meta-data\">\r\n\t\t\t\t\t<i class=\"fa fa-comments-o fa-fw\" aria-hidden=\"true\"><\/i>\r\n\t\t\t\t\t<span>No Comments<\/span>\t\t\t\t<\/div>\r\n\t\t\t\t\t<\/div>\r\n\t\t\r\n\t\t\t\t\t<\/div>\r\n\r\n\t\t\t\t\t\t\t<div class=\"premium-blog-content-inner-wrapper\">\r\n\t\t<p class=\"premium-blog-post-content\">Encontra-se a decorrer o per\u00edodo de inscri\u00e7\u00f5es para provas de acesso ao Ensino Articulado da M\u00fasica, para Academia dos Amadores de M\u00fasica. \u2026<\/p>\t\t<\/div>\r\n\t\t\t\t\t\t\t\r\n\t\t\t\t<\/div>\r\n\t\t\t<\/div>\r\n\t\t<\/div>\r\n\r\n\t\t\t\t<div class=\"premium-blog-post-outer-container\" data-total=\"4\">\r\n\t\t\t<div class=\"premium-blog-post-container premium-blog-skin-classic\">\r\n\t\t\t\t\t\t\t\t\t\t\t\t<div class=\"premium-blog-content-wrapper empty-thumb\">\r\n\r\n\t\t\t\t\t<div class=\"premium-blog-inner-container\">\r\n\r\n\t\t\t\t\t\t\t\t\t\t\t\t\t\t<h2 class=\"premium-blog-entry-title\">\r\n\t\t\t<a href=\"https:\/\/aefernandopessoa.edu.pt\/index.php\/2026\/04\/16\/matriculas-2026-2027\/\" target=\"_blank\">\r\n\t\t\t\tMatr\u00edculas 2026\/2027\t\t\t<\/a>\r\n\t\t<\/h2>\r\n\t\t\t\t<div class=\"premium-blog-entry-meta\">\r\n\t\t\t\t\t\t\t<div class=\"premium-blog-post-author premium-blog-meta-data\">\r\n\t\t\t\t\t<i class=\"fa fa-user fa-fw\" aria-hidden=\"true\"><\/i>\r\n\t\t\t\t\t<a href=\"https:\/\/aefernandopessoa.edu.pt\/index.php\/author\/direcaoaefp\/\" title=\"Posts by Dire\u00e7\u00e3o AEFP\" rel=\"author\">Dire\u00e7\u00e3o AEFP<\/a>\t\t\t\t<\/div>\r\n\t\t\t\r\n\t\t\t\t\t\t\t<span class=\"premium-blog-meta-separator\">\u2022<\/span>\r\n\t\t\t\t<div class=\"premium-blog-post-time premium-blog-meta-data\">\r\n\t\t\t\t\t<i class=\"fa fa-calendar-alt\" aria-hidden=\"true\"><\/i>\r\n\t\t\t\t\t<span>April 16, 2026<\/span>\r\n\t\t\t\t<\/div>\r\n\t\t\t\r\n\t\t\t\t\t\t\t<span class=\"premium-blog-meta-separator\">\u2022<\/span>\r\n\t\t\t\t<div class=\"premium-blog-post-categories premium-blog-meta-data\">\r\n\t\t\t\t\t<i class=\"fa fa-align-left fa-fw\" aria-hidden=\"true\"><\/i>\r\n\t\t\t\t\t<a href=\"https:\/\/aefernandopessoa.edu.pt\/index.php\/category\/escolas\/eb-23-fernando-pessoa\/\" rel=\"category tag\">EB 23 Fernando Pessoa<\/a>, <a href=\"https:\/\/aefernandopessoa.edu.pt\/index.php\/category\/escolas\/eb1-ji-adriano-correia-de-oliveira\/\" rel=\"category tag\">EB1 c\/ JI Adriano Correia de Oliveira<\/a>, <a href=\"https:\/\/aefernandopessoa.edu.pt\/index.php\/category\/escolas\/eb1-ji-arco-iris\/\" rel=\"category tag\">EB1 c\/ JI Arco \u00cdris<\/a>, <a href=\"https:\/\/aefernandopessoa.edu.pt\/index.php\/category\/escolas\/eb1-c-ji-inf-d-henrique\/\" rel=\"category tag\">EB1 c\/ JI Inf.D.Henrique<\/a>, <a href=\"https:\/\/aefernandopessoa.edu.pt\/index.php\/category\/noticias\/\" rel=\"category tag\">Noticias<\/a>\t\t\t\t<\/div>\r\n\t\t\t\r\n\t\t\t\t\t\t\t<span class=\"premium-blog-meta-separator\">\u2022<\/span>\r\n\t\t\t\t<div class=\"premium-blog-post-comments premium-blog-meta-data\">\r\n\t\t\t\t\t<i class=\"fa fa-comments-o fa-fw\" aria-hidden=\"true\"><\/i>\r\n\t\t\t\t\t<span>No Comments<\/span>\t\t\t\t<\/div>\r\n\t\t\t\t\t<\/div>\r\n\t\t\r\n\t\t\t\t\t<\/div>\r\n\r\n\t\t\t\t\t\t\t<div class=\"premium-blog-content-inner-wrapper\">\r\n\t\t<p class=\"premium-blog-post-content\">Est\u00e3o j\u00e1 dispon\u00edveis informa\u00e7\u00f5es e o calend\u00e1rio das matr\u00edculas para o ano 2026\/2027. Aceda no menu INFORMA\u00c7\u00d5ES ou clique em: Matr\u00edculas<\/p>\t\t<\/div>\r\n\t\t\t\t\t\t\t\r\n\t\t\t\t<\/div>\r\n\t\t\t<\/div>\r\n\t\t<\/div>\r\n\r\n\t\t\t\t<div class=\"premium-blog-post-outer-container\" data-total=\"4\">\r\n\t\t\t<div class=\"premium-blog-post-container premium-blog-skin-classic\">\r\n\t\t\t\t\t\t\t\t\t\t\t\t<div class=\"premium-blog-content-wrapper empty-thumb\">\r\n\r\n\t\t\t\t\t<div class=\"premium-blog-inner-container\">\r\n\r\n\t\t\t\t\t\t\t\t\t\t\t\t\t\t<h2 class=\"premium-blog-entry-title\">\r\n\t\t\t<a href=\"https:\/\/aefernandopessoa.edu.pt\/index.php\/2026\/04\/08\/avaliacoes-2-o-periodo-2025-2026\/\" target=\"_blank\">\r\n\t\t\t\tAvalia\u00e7\u00f5es 2.\u00ba Per\u00edodo 2025\/2026\t\t\t<\/a>\r\n\t\t<\/h2>\r\n\t\t\t\t<div class=\"premium-blog-entry-meta\">\r\n\t\t\t\t\t\t\t<div class=\"premium-blog-post-author premium-blog-meta-data\">\r\n\t\t\t\t\t<i class=\"fa fa-user fa-fw\" aria-hidden=\"true\"><\/i>\r\n\t\t\t\t\t<a href=\"https:\/\/aefernandopessoa.edu.pt\/index.php\/author\/direcaoaefp\/\" title=\"Posts by Dire\u00e7\u00e3o AEFP\" rel=\"author\">Dire\u00e7\u00e3o AEFP<\/a>\t\t\t\t<\/div>\r\n\t\t\t\r\n\t\t\t\t\t\t\t<span class=\"premium-blog-meta-separator\">\u2022<\/span>\r\n\t\t\t\t<div class=\"premium-blog-post-time premium-blog-meta-data\">\r\n\t\t\t\t\t<i class=\"fa fa-calendar-alt\" aria-hidden=\"true\"><\/i>\r\n\t\t\t\t\t<span>April 8, 2026<\/span>\r\n\t\t\t\t<\/div>\r\n\t\t\t\r\n\t\t\t\t\t\t\t<span class=\"premium-blog-meta-separator\">\u2022<\/span>\r\n\t\t\t\t<div class=\"premium-blog-post-categories premium-blog-meta-data\">\r\n\t\t\t\t\t<i class=\"fa fa-align-left fa-fw\" aria-hidden=\"true\"><\/i>\r\n\t\t\t\t\t<a href=\"https:\/\/aefernandopessoa.edu.pt\/index.php\/category\/escolas\/eb-23-fernando-pessoa\/\" rel=\"category tag\">EB 23 Fernando Pessoa<\/a>, <a href=\"https:\/\/aefernandopessoa.edu.pt\/index.php\/category\/escolas\/eb1-ji-adriano-correia-de-oliveira\/\" rel=\"category tag\">EB1 c\/ JI Adriano Correia de Oliveira<\/a>, <a href=\"https:\/\/aefernandopessoa.edu.pt\/index.php\/category\/escolas\/eb1-ji-arco-iris\/\" rel=\"category tag\">EB1 c\/ JI Arco \u00cdris<\/a>, <a href=\"https:\/\/aefernandopessoa.edu.pt\/index.php\/category\/escolas\/eb1-c-ji-inf-d-henrique\/\" rel=\"category tag\">EB1 c\/ JI Inf.D.Henrique<\/a>, <a href=\"https:\/\/aefernandopessoa.edu.pt\/index.php\/category\/noticias\/\" rel=\"category tag\">Noticias<\/a>\t\t\t\t<\/div>\r\n\t\t\t\r\n\t\t\t\t\t\t\t<span class=\"premium-blog-meta-separator\">\u2022<\/span>\r\n\t\t\t\t<div class=\"premium-blog-post-comments premium-blog-meta-data\">\r\n\t\t\t\t\t<i class=\"fa fa-comments-o fa-fw\" aria-hidden=\"true\"><\/i>\r\n\t\t\t\t\t<span>No Comments<\/span>\t\t\t\t<\/div>\r\n\t\t\t\t\t<\/div>\r\n\t\t\r\n\t\t\t\t\t<\/div>\r\n\r\n\t\t\t\t\t\t\t<div class=\"premium-blog-content-inner-wrapper\">\r\n\t\t<p class=\"premium-blog-post-content\">Informamos que as avalia\u00e7\u00f5es do 2.\u00ba per\u00edodo do presente ano letivo encontram-se dispon\u00edveis na plataforma INOVAR CONSULTA. Poder\u00e1 aceder atrav\u00e9s de: https:\/\/aefernandopessoa.edu.pt\/index.php\/programa-inovar\/ \u2026<\/p>\t\t<\/div>\r\n\t\t\t\t\t\t\t\r\n\t\t\t\t<\/div>\r\n\t\t\t<\/div>\r\n\t\t<\/div>\r\n\r\n\t\t\t\t<div class=\"premium-blog-post-outer-container\" data-total=\"4\">\r\n\t\t\t<div class=\"premium-blog-post-container premium-blog-skin-classic\">\r\n\t\t\t\t\t\t\t\t\t\t\t\t<div class=\"premium-blog-content-wrapper empty-thumb\">\r\n\r\n\t\t\t\t\t<div class=\"premium-blog-inner-container\">\r\n\r\n\t\t\t\t\t\t\t\t\t\t\t\t\t\t<h2 class=\"premium-blog-entry-title\">\r\n\t\t\t<a href=\"https:\/\/aefernandopessoa.edu.pt\/index.php\/2026\/03\/31\/horta-escolar-eb1-ji-infante-d-henrique\/\" target=\"_blank\">\r\n\t\t\t\tHorta Escolar &#8211; EB1\/JI Infante D.Henrique\t\t\t<\/a>\r\n\t\t<\/h2>\r\n\t\t\t\t<div class=\"premium-blog-entry-meta\">\r\n\t\t\t\t\t\t\t<div class=\"premium-blog-post-author premium-blog-meta-data\">\r\n\t\t\t\t\t<i class=\"fa fa-user fa-fw\" aria-hidden=\"true\"><\/i>\r\n\t\t\t\t\t<a href=\"https:\/\/aefernandopessoa.edu.pt\/index.php\/author\/direcaoaefp\/\" title=\"Posts by Dire\u00e7\u00e3o AEFP\" rel=\"author\">Dire\u00e7\u00e3o AEFP<\/a>\t\t\t\t<\/div>\r\n\t\t\t\r\n\t\t\t\t\t\t\t<span class=\"premium-blog-meta-separator\">\u2022<\/span>\r\n\t\t\t\t<div class=\"premium-blog-post-time premium-blog-meta-data\">\r\n\t\t\t\t\t<i class=\"fa fa-calendar-alt\" aria-hidden=\"true\"><\/i>\r\n\t\t\t\t\t<span>March 31, 2026<\/span>\r\n\t\t\t\t<\/div>\r\n\t\t\t\r\n\t\t\t\t\t\t\t<span class=\"premium-blog-meta-separator\">\u2022<\/span>\r\n\t\t\t\t<div class=\"premium-blog-post-categories premium-blog-meta-data\">\r\n\t\t\t\t\t<i class=\"fa fa-align-left fa-fw\" aria-hidden=\"true\"><\/i>\r\n\t\t\t\t\t<a href=\"https:\/\/aefernandopessoa.edu.pt\/index.php\/category\/escolas\/eb1-c-ji-inf-d-henrique\/\" rel=\"category tag\">EB1 c\/ JI Inf.D.Henrique<\/a>, <a href=\"https:\/\/aefernandopessoa.edu.pt\/index.php\/category\/noticias\/\" rel=\"category tag\">Noticias<\/a>\t\t\t\t<\/div>\r\n\t\t\t\r\n\t\t\t\t\t\t\t<span class=\"premium-blog-meta-separator\">\u2022<\/span>\r\n\t\t\t\t<div class=\"premium-blog-post-comments premium-blog-meta-data\">\r\n\t\t\t\t\t<i class=\"fa fa-comments-o fa-fw\" aria-hidden=\"true\"><\/i>\r\n\t\t\t\t\t<span>No Comments<\/span>\t\t\t\t<\/div>\r\n\t\t\t\t\t<\/div>\r\n\t\t\r\n\t\t\t\t\t<\/div>\r\n\r\n\t\t\t\t\t\t\t<div class=\"premium-blog-content-inner-wrapper\">\r\n\t\t<p class=\"premium-blog-post-content\">Foi com enorme alegria e orgulho que assistimos \u00e0 segunda colheita do ano da horta escolar da EB1\/JI Infante D.Henrique! E desta \u2026<\/p>\t\t<\/div>\r\n\t\t\t\t\t\t\t\r\n\t\t\t\t<\/div>\r\n\t\t\t<\/div>\r\n\t\t<\/div>\r\n\r\n\t\t\t\t<\/div>\r\n\r\n\t\t\t\t\t\t<\/div>\n\t\t\t\t<\/div>\n\t\t\t\t\t<\/div>\n\t\t<\/div>\n\t\t\t\t\t<\/div>\n\t\t<\/section>\n\t\t\t\t<\/div>\n\t\t","protected":false},"excerpt":{"rendered":"<p>Escola EB1 c\/ JI Infante D. Henrique Sendo a escola mais antiga dos Olivais (1895), a Infante D. Henrique pertence \u00e0 Junta de Freguesia do Parque das Na\u00e7\u00f5es e foi integrada no AE de Fernando Pessoa no ano letivo de 2003\/2004. No dia 13 de setembro de 2024, a escola foi inaugurada pelo Presidente da [&hellip;]<\/p>\n","protected":false},"author":2,"featured_media":0,"parent":0,"menu_order":0,"comment_status":"closed","ping_status":"closed","template":"elementor_header_footer","meta":{"_seopress_robots_primary_cat":"","_seopress_titles_title":"","_seopress_titles_desc":"","_seopress_robots_index":"","footnotes":""},"class_list":["post-416","page","type-page","status-publish","hentry"],"_links":{"self":[{"href":"https:\/\/aefernandopessoa.edu.pt\/index.php\/wp-json\/wp\/v2\/pages\/416","targetHints":{"allow":["GET"]}}],"collection":[{"href":"https:\/\/aefernandopessoa.edu.pt\/index.php\/wp-json\/wp\/v2\/pages"}],"about":[{"href":"https:\/\/aefernandopessoa.edu.pt\/index.php\/wp-json\/wp\/v2\/types\/page"}],"author":[{"embeddable":true,"href":"https:\/\/aefernandopessoa.edu.pt\/index.php\/wp-json\/wp\/v2\/users\/2"}],"replies":[{"embeddable":true,"href":"https:\/\/aefernandopessoa.edu.pt\/index.php\/wp-json\/wp\/v2\/comments?post=416"}],"version-history":[{"count":58,"href":"https:\/\/aefernandopessoa.edu.pt\/index.php\/wp-json\/wp\/v2\/pages\/416\/revisions"}],"predecessor-version":[{"id":3319,"href":"https:\/\/aefernandopessoa.edu.pt\/index.php\/wp-json\/wp\/v2\/pages\/416\/revisions\/3319"}],"wp:attachment":[{"href":"https:\/\/aefernandopessoa.edu.pt\/index.php\/wp-json\/wp\/v2\/media?parent=416"}],"curies":[{"name":"wp","href":"https:\/\/api.w.org\/{rel}","templated":true}]}}